ighest common divisor of 25 and k.
25
Suppose 6*f = 8*f - y - 8, -3*y = -4*f + 18. Suppose 42 = f*w + 11*w. What is the greatest common divisor of w and 3?
3
Let d = -20075 - -20079. Calculate the highest common divisor of 358 and d.
2
Let y be 4/((15/70)/(9/12)). Suppose 5 - y = -3*d. Let b be 4 + (10*d)/5. Calculate the greatest common divisor of b and 90.
10
Suppose -5*b - 93 = -43. Let m be (b/6)/((-6)/18). Suppose p + 20 = m*p. Calculate the highest common divisor of p and 10.
5
Let y be (-7)/(-91) + (-1)/13. Suppose -22*s + 4*s + 1080 = y. Calculate the highest common factor of 330 and s.
30
Suppose -5*f - 97 = -2*o, 0 = 14*f - 13*f - 3. What is the highest common factor of 1330 and o?
14
Let k = 11 + 4. Let f be -19 + 17 - 2/(-1)*3. Suppose -4*z = -f*l + 40, 2*l - 3*z + 2*z = 16. Calculate the highest common divisor of l and k.
3
Let f = -527 - -545. Let m be 2*(-30)/(-12) + f*43. Calculate the highest common factor of m and 19.
19
Let h(q) be the third derivative of -23/24*q**4 + 5/2*q**3 - 37*q**2 + 0 + 0*q. Let j be h(-3). Calculate the greatest common factor of j and 56.
28
Suppose 1 = -t + 2. Let r be t/3 + (-142)/(-6). Let a be 230 - 269 - (-253 + -2). What is the highest common factor of r and a?
24
Let k = -1541 - -1573. What is the greatest common divisor of 760 and k?
8
Let i = -20976 + 21021. Let g = -31 - -58. What is the greatest common divisor of g and i?
9
Suppose 0 = 7*w - v - 706, -70*w + 72*w + v - 194 = 0. What is the highest common factor of 18 and w?
2
Suppose 40 = d + 5*o, -o - 151 = -5*d - 3. Let a = -178 + 268. What is the highest common factor of a and d?
30
Let f(l) = -38*l - 590. Let y be f(-29). Calculate the greatest common divisor of y and 384.
128
Suppose y - 199 + 162 = -i, -y - 5*i + 53 = 0. What is the highest common divisor of 231 and y?
33
Let l be 8/3 + 5/15 + 0. Let s = -73 + 41. Let v = -17 - s. Calculate the highest common divisor of l and v.
3
Let g(k) = 8*k**2 - 184*k + 2. Let r be g(23). Calculate the highest common divisor of 818 and r.
2
Let g be (-3*((-105)/(-9) + -3))/(-2). Let o be g/(13/298) - 1. What is the highest common divisor of 33 and o?
33
Let p(q) = -332*q**3 - 4*q**2 + 2*q - 25. Let g be p(-3). What is the greatest common factor of 31 and g?
31
Suppose 0 = -136*s - 336*s + 99*s + 146962. What is the greatest common factor of s and 12?
2
Let w = 140 + -90. Let r = w - 45. Suppose a + r*u + 120 = 6*a, 4*a + 5*u = 60. Calculate the highest common divisor of 5 and a.
5
Suppose -5*c = 4*v - 54, -2*c = 4*v - 11 - 37. Let x = 361 + -174. Calculate the greatest common factor of x and v.
11
Let p be 2*((-1 - (-76)/32) + 60/(-160)). Let l(x) = 6*x - 2. Let b be l(3). Calculate the highest common factor of p and b.
2
Suppose 4*q = 3*z - 7, 2*z = 3*q + 13 - 9. Suppose 5*r = -2*m + 65, 2*r - z*r = -4*m + 117. Calculate the highest common factor of 30 and m.
30
Suppose 0 = 5*m - 66 - 39. Suppose 4*s = 8*s - 20, -3*k + 3088 = 5*s. Let n = k - 916. What is the greatest common factor of n and m?
21
Suppose -23*t + 1512 = 31*t. Calculate the greatest common factor of t and 602.
14
Suppose -12*u + 231 = 14*u - 289. Calculate the greatest common divisor of 30980 and u.
20
Let d be (1988/284)/((-7)/(-54)). Calculate the highest common divisor of 6 and d.
6
Suppose -33*t + 37*t + 2*l = -2590, 5*t + 3236 = -3*l. Let z = 692 + t. What is the highest common factor of 1204 and z?
43
Let o be (96/(-28))/((-3)/(-21)). Let k be 6/3 - o/3. Suppose 0 = 2*c + k, -5*g + c + 125 = -4*c. Calculate the greatest common factor of 160 and g.
20
Suppose 0 = 1662*w - 1664*w + 8, w + 2196 = 2*s. Suppose 5*m + 3*b = 119, b - 47 = -5*m + 66. What is the greatest common divisor of m and s?
22
Suppose -2*g + 2159 = 5*p - 6*g, 2*g = 2*p - 864. Let n = -165 + p. What is the highest common divisor of 76 and n?
38
Let z = 11 - 17. Let r(m) = -m - 13. Let s be r(z). Let g be s*((-2)/(-1) + -3). Calculate the highest common divisor of 14 and g.
7
Suppose -11 = 3*h - r - 2, 0 = -3*h + 5*r - 9. Let v be (-126)/28*4/h. Suppose -5*q + 45 = -0*q. What is the greatest common divisor of q and v?
3
Let k be (-20)/(-4)*-4*360/(-200). Let d = -28 - -88. What is the highest common factor of d and k?
12
Suppose 4*p = 7*p - 14596 - 8147. What is the highest common factor of 42 and p?
21
Let r = 5089 + -4931. What is the highest common divisor of r and 1501?
79
Let o = 12 - -2. Let c be (-25 - -20)/(65/(-26)). What is the greatest common factor of c and o?
2
Let v(a) = 24*a - 4. Let m be v(2). Suppose 16*h - 268 + m = 0. Calculate the greatest common factor of h and 35.
7
Let i = -81 - -124. Suppose -975 = -48*g + i*g. Calculate the highest common divisor of g and 15.
15
Suppose 5*r + 15 = 0, 5*m = r - 29 - 38. Let p = 20 + m. What is the highest common factor of p and 81?
3
Suppose -5*v = -39 - 16. Let r be 5/(-6 + 1)*-5. Suppose -6*j = -7*j + r*s - 14, 0 = 4*j - 3*s - 29. What is the greatest common factor of j and v?
11
Let d(m) = -2*m**3 - 17*m**2 + 4*m - 35. Let i be d(-9). What is the highest common divisor of i and 130?
10
Let q = 0 - -4. Let s(u) = 0*u**3 - 774*u + 17 + 793*u + u**3 - 10*u**2. Let j be s(7). What is the greatest common factor of j and q?
1
Let z(k) = -1175*k + 11888. Let c be z(9). Calculate the highest common factor of c and 65.
13
Suppose -6*i + 3*g + 3003 = 0, 3*g - 4 = -1. Calculate the greatest common divisor of 8183 and i.
167
Let a be 10432/6 - ((-948)/36 + 10 - -17). Calculate the highest common divisor of 286 and a.
22
Suppose -10 = 113*h - 115*h. Suppose -5*z = 3*x + x - 2917, -3*z - h*x + 1758 = 0. What is the highest common factor of z and 83?
83
Suppose 4*f - 2*s = 6, 2*f - 22 = -3*s - 7. Suppose -2*n = -4*z + 125 + 17, 5*n + 407 = -f*z. Let x = -49 - n. What is the greatest common divisor of x and 15?
15
Suppose -43 = -5*d + 4*j, -30 = -3*d + 5*j - 12. Suppose 3*x + 128 = d*x. Calculate the highest common factor of x and 36.
4
Let j be 10/1 + (-3 - -5). Suppose 0 = -d + 4*t - 2*t + 6, 0 = -2*d + 3*t + 9. Suppose 0 = -d*x + 12*x - 360. Calculate the highest common divisor of x and j.
6
Let n be 56/(-6)*(-105)/10. Let m = 136 - 102. Let d = 48 - m. What is the greatest common divisor of n and d?
14
Suppose 4*u + 5*g = 36, g + 3 = -u + 12. Suppose 2*p + u = 13. Suppose 2*t = -p*i + 64, -4*t - i = -5*i - 88. Calculate the greatest common factor of t and 3.
3
Suppose 45*f - 289743 = 10*f + 112092. What is the highest common factor of f and 129?
129
Let z = 196 - -2. Suppose -z = -4*v - 10. Suppose -v*k - 11 = -48*k. Calculate the highest common divisor of 66 and k.
11
Let c(o) = 43 + 7*o + 25*o - 14 - 19. Let d(i) = -96*i - 29. Let w(h) = 11*c(h) + 4*d(h). Let k be w(-3). What is the greatest common factor of 10 and k?
10
Let w = -15251 - -39581. Calculate the greatest common divisor of w and 30.
30
Suppose 55*r = 5020 + 9060. What is the greatest common factor of 1 and r?
1
Let l = -710 - -809. Calculate the highest common factor of l and 242.
11
Let g = -152 - -628. Suppose 4*t - 374 = -5*r, 5*t + 6*r = 4*r + g. What is the highest common factor of t and 24?
24
Suppose 0 = l - 2*c + 2, 4*l - l + 3*c = 3. Suppose -d - 3 + 34 = l. Suppose -65 = -4*w + d. What is the highest common divisor of w and 264?
24
Suppose 0 = -b - 4*z + 29, 4*b + 222*z - 223*z - 201 = 0. What is the greatest common divisor of 3136 and b?
49
Let b(x) = 19*x**2 + x + 2. Let i = -48 - -35. Let l = i - -15. Let a be b(l). What is the greatest common factor of 10 and a?
10
Suppose 0 = -76*v + 8851 + 18357. Calculate the highest common divisor of v and 6.
2
Suppose -5*a - 26*s + 27*s + 491 = 0, -s = -4*a + 392. What is the greatest common factor of a and 627?
33
Let r be (1 + 2 + -23)*100/(-16). Calculate the highest common factor of 1075 and r.
25
Let f be 5/25 + (-2094)/(-30). Suppose -66*u - f = -71*u. Calculate the highest common divisor of u and 7.
7
Let i be 1147 - (6/(-4) + (-324)/(-72)). What is the greatest common factor of i and 66?
22
Let l(o) = -2*o**2 - 34*o + 81. Let k be l(-9). What is the greatest common factor of k and 1665?
45
Let g(b) = b**2 + 18*b + 26. Let d(y) = y**3 - 12*y**2 - 4*y + 30. Let i be d(12). Let j be g(i). What is the highest common factor of j and 520?
26
Suppose -z - 199 = -3*a, 3*z - 4*z = -a + 65. L